**2 + 48*q + 5. Let o(a) = 7*a**2 + a - 1. Let y(x) = -o(x) - w(x). What is y(-12)?
8
Let q(i) = 26*i**2 - 9 + 25401663*i - 17 - 25401683*i - 2*i**3. What is q(12)?
22
Suppose s - 20 = -7. Let c(h) = 2 + 0 - 8*h + s*h + 4*h. Determine c(-2).
-16
Let a = 1541 + -1471. Let c(k) = -82 - k**2 - 7*k + a + 17*k. Let z be -1 + 2 + (7 - -1). Calculate c(z).
-3
Let b(k) = -11*k**3 + 46*k**2 - 35*k + 34. Let l(f) = 2*f**3 - 9*f**2 + 7*f - 7. Let p(i) = -3*b(i) - 16*l(i). Let o be (-8)/44 - 150/22. Determine p(o).
10
Let m(w) = 2*w**2 + 2*w - 4. Let g(c) = 18*c**3 - 2*c**2 - c - 1. Let f be g(-1). Let n be 182/(-3) - (f/6)/5. Let b = 57 + n. Give m(b).
8
Suppose 10 = 5*l + 7*k - 2*k, -6 = -3*l - 2*k. Let p(x) = 0*x**3 - 92*x**2 + 5 - 6*x + x**3 + 49*x**2 + 46*x**l. Calculate p(-5).
-15
Let h(k) be the first derivative of -8/3*k**3 + 1/20*k**5 - 4 - 1/360*k**6 + 0*k**2 - 1/6*k**4 + 0*k. Let q(u) be the third derivative of h(u). What is q(6)?
-4
Suppose -5*p = -5*h + 6 - 1, 3*p + 13 = -2*h. Let j = 323 + -309. Let v(t) = j - 49 + 38 + t. Determine v(p).
0
Let l(s) = 6*s - 1. Let a(d) = 2*d - 67. Let c(r) = 3*r - 58. Let q(i) = 6*a(i) - 7*c(i). Let v(m) = l(m) + q(m). What is v(2)?
-3
Let q(x) = x**3 + x**2 + x + 2. Let p be q(0). Let t(h) = -p*h - 2*h + 0*h. Let w = 74 - 76. Calculate t(w).
8
Let u(o) = -3 - 4*o**2 + o**2 + 0. Suppose 298*w - 1261 - 587 = -436*w + 1088. Determine u(w).
-51
Let y = 2074 + -2067. Let t(i) = 10*i - 13. Calculate t(y).
57
Let m(c) = -4*c - 1 - 2*c - 2*c - 1. Suppose -7 + 3 = -r. What is m(r)?
-34
Let q(f) = f**2 - 4*f - 9. Let g be q(6). Let r(h) = -7*h**2 - 70*h**g + 5*h + 8 + 32*h**3 + 39*h**3. Give r(6).
2
Let m(j) = -4*j**2 + 25*j + 18. Suppose 776 + 106 = 126*y. Determine m(y).
-3
Let j(n) = n**3 + 13*n**2 + 2*n + 15. Suppose -w - 37 = 1548*d - 1544*d, 5*w + 35 = 5*d. What is j(w)?
-11
Let o(t) be the first derivative of -t**3/3 - 4*t**2 - t - 19308. Suppose -j - 7 = 1. Determine o(j).
-1
Let d be (0 - (-2 + 1))*-3. Let j(g) be the second derivative of g**2 - 7*g + 10 - 2/3*g**3 - 1/12*g**4. What is j(d)?
5
Let s(d) be the first derivative of 1/6*d**4 + 0*d - 13 - 2/3*d**3 - 21/2*d**2. Let v(j) be the second derivative of s(j). Calculate v(3).
8
Let v = -14 + 7. Let q(s) be the first derivative of -3*s - 4*s**2 - 1/3*s**3 - 33. What is q(v)?
4
Let u(i) = i**3 + 5*i**2 - 5*i - 6. Let q be (-123)/(-7) + 88/(-154). Let z = q + -12. Suppose -z*s - 21 = 9. What is u(s)?
-12
Let w(o) = 12*o - 47911*o**2 + 47913*o**2 + 15 - 8. Give w(0).
7
Let a(u) be the second derivative of -1/3*u**4 - u**2 - 6 + 0*u**3 - 8*u - 1/20*u**5. Let x = -4 - -1. Give a(x).
-11
Let v(b) = -2*b**2 + 14*b + 27. Let i = -23067 - -23079. Calculate v(i).
-93
Let d(m) be the third derivative of -m**7/5040 - m**6/360 - 3*m**5/5 - 44*m**2. Let l(g) be the third derivative of d(g). Give l(-10).
8
Let l(t) = -2*t**3 - 9*t**2 - 6*t + 2. Let b(w) = w**3 + 2*w**2 + w - 1. Let y(u) = -3*b(u) - l(u). Let x(p) = p**2 - 9*p + 24. Let a be x(5). Determine y(a).
-3
Let v(d) = -d**2 - 14*d + 13. Let p(x) = -x**2 + 47*x + 135. Let k be p(-3). Determine v(k).
-2
Let n(o) be the second derivative of o**4/12 - 7*o**3/6 - 9*o**2/2 + 10*o. Let k = -1 - 1. Let i be k*(-4)/24*21. Give n(i).
-9
Let o = -3 + -2. Suppose 4*b = -31*b + 70. Let d(u) = 6 + 2310*u + 2*u**3 - 2303*u - 4*u**b - 3*u**3. What is d(o)?
-4
Let a(q) = 294*q - 1135. Let g(p) = 112*p - 377. Let u(n) = -3*a(n) + 8*g(n). What is u(-27)?
11
Let z = 76/143 - 179/1144. Let x(n) be the third derivative of 0 + 0*n - z*n**4 - 1/6*n**3 + 25*n**2. Calculate x(-1).
8
Let z(c) = 3*c**2 - 3*c**2 - c**2 + 11*c - 8. Let i be -17 - (-270)/(-210)*-21. What is z(i)?
2
Let r(l) = -l - 1. Let f(v) = v + 5. Let t(a) = f(a) + 2*r(a). Suppose -4*o = 2*o - 24. Suppose -x + 3*b - 6 = 6, -16 = x - o*b. What is t(x)?
3
Let u(j) be the second derivative of -4*j**3/3 + j**2 + 2151*j. Give u(-6).
50
Let l(j) = -28*j + 44. Let u(s) = -13*s + 21. Let i(m) = -5*l(m) + 11*u(m). Calculate i(-16).
59
Let j(c) = 49*c**3 + 12*c**2 - 3*c - 3. Let w(k) = -59*k**3 - 14*k**2 + 3*k + 4. Let b(m) = -6*j(m) - 5*w(m). Let z be 1/((-2)/8*-2). Give b(z).
4
Suppose 0*o - 11*o = -33. Let v(h) be the third derivative of h**5/60 - h**4/6 + h**3/3 + 13*h**2. What is v(o)?
-1
Let a(n) = 2*n**2 + 82*n - 80. Let l be a(-42). Let u(p) = -p**3 + 2*p**2 + 13*p - 15. Calculate u(l).
5
Let l(i) = i**3 - 7*i**2 + 10*i - 10. Let r(a) be the third derivative of -a**6/120 - a**5/20 + 11*a**4/12 - a**3 + 173*a**2. Let k be r(3). What is l(k)?
14
Let u(d) be the third derivative of d**6/20 - 7*d**5/60 - d**4/3 - d**3/3 + 4820*d**2. Calculate u(-1).
-7
Let c(u) be the third derivative of -u**5/60 + 5*u**4/8 - 7*u**3/3 + 32*u**2. Suppose 0 = 9*r - 14*r - z + 64, -4*r + z + 53 = 0. Determine c(r).
12
Let i(c) be the third derivative of -c**6/720 + c**5/40 + c**4/24 - 5*c**3/6 - 107*c**2. Let l(z) be the second derivative of i(z). Give l(4).
-1
Let b(t) be the first derivative of -13*t**4/4 - t**2/2 + 1. Let a = -137 - -149. Let i(u) = u**3 - 11*u**2 - 15*u + 37. Let x be i(a). Calculate b(x).
-14
Let s = 5 - 2. Let v(m) = 8*m + 10. Let d(b) = -13 + 9*b + 0*b + 8 + 17. Let x(i) = -6*d(i) + 7*v(i). Determine x(s).
4
Let s(i) = 7*i + 19891 + 19904 - 39777. Determine s(7).
67
Let q = 9 - 15. Let i(p) = 6*p - 6*p**2 - 5 + 3*p**2 - 1 + 2*p**2 + 8*p**2 + p**3. Let x be i(q). Let k(n) = -n**3 - 6*n**2 + 3*n + 8. Calculate k(x).
-10
Let k(w) = -w + 6. Let h(f) be the first derivative of f**4/4 + 11*f**3/3 - 52*f**2 + 7*f + 67. Let x be h(6). Calculate k(x).
11
Let i(c) = -23259 + c**2 + 0*c**2 + 23264 - 3*c**3 + 4*c**3. Calculate i(0).
5
Let i(u) = -u - 11. Let s be (-2 - -23) + (-135 - -128). Suppose 58 = -3*g + 4*z, 10 = 5*z - 10. Let f = g + s. What is i(f)?
-11
Let q(a) = a**2 + a - 14. Let f = 5236 + -5236. Give q(f).
-14
Suppose 0 = 5*a - 2*a - 2*u - 11, 0 = 2*a + u - 19. Let o(x) be the third derivative of x**4/24 - 3*x**3/2 - 1595*x**2. What is o(a)?
-2
Let n(l) be the first derivative of -2*l**2 - 4*l + 8110. Give n(4).
-20
Let w(t) be the third derivative of 0*t + 7/6*t**3 + 0 + 1/24*t**4 - 21*t**2. Suppose 0 = 8*o - 7*o + 6. Give w(o).
1
Let v(a) = 0*a - 4 - 2*a - 6*a. Let t(l) = l**3 - 58*l**2 + 808*l - 66. Let r be t(23). What is v(r)?
-28
Suppose 4*q + 5*t - 23 = 0, -2*q - t = q - 9. Suppose 5 = -q*g - 13. Let r(c) = -21*c. Let u(w) = -5*w. Let y(v) = g*u(v) + 2*r(v). Determine y(6).
18
Let t(c) = 2*c**2 - 50*c + 276. Let x be t(17). Let u(b) = b**3 - 8*b**2 - 2*b + 2. Give u(x).
-70
Let k(c) be the first derivative of -7*c - 59 + 5/2*c**2. Calculate k(5).
18
Let v(s) be the first derivative of -s - 1/3*s**3 - 33 + 3/2*s**2. Calculate v(2).
1
Let f be (-4)/(-48) - (-9)/36. Let j(d) be the third derivative of f*d**3 + 4*d**2 - 1/24*d**4 + 0*d + 0. Determine j(-3).
5
Let u = 76 - 75. Let k(x) = x**3 + x. Let b(w) = 3*w**3 + 6*w**2 + 11*w - 7. Let m(a) = u*b(a) - 4*k(a). What is m(7)?
-7
Let s(q) = 3*q**2 + 42*q - 43. Let u be ((-2)/9)/(2432/(-171) - -14). Give s(u).
2
Let s(d) = -3*d**2 + 12*d - 4. Let k(f) = 7*f**2 - 25*f + 9. Let a(o) = -2*k(o) - 5*s(o). Let i be a(11). Let c(m) = -1 + 19*m - 30*m + i*m. Give c(1).
1
Let l = 413 + -401. Let p(t) be the second derivative of -t**3/6 + 8*t**2 + 3*t. What is p(l)?
4
Let f(p) = 4*p**2 + 8*p - 11. Let y(x) = -3*x**2 - 5*x + 7. Let t(c) = -5*f(c) - 8*y(c). Let o be ((-3)/4)/3*-4. What is t(o)?
3
Let u(v) = -10 - 509397*v**3 + 254700*v**3 + 6*v - v**2 + 254698*v**3. Give u(0).
-10
Let s(y) be the third derivative of -y**5/60 - y**4/24 + 37*y**3/3 - 278*y**2 + 1. Determine s(-9).
2
Let n(m) = 2*m**3 - 118*m**2 + 227*m + 59. Let p be n(57). Let k(w) = 30*w - 1. Give k(p).
59
Let f(g) = -115*g - 109*g - 120*g + 328*g - 6 + 98. Determine f(6).
-4
Suppose -3*f = 3, -k - 4*k = 3*f + 103. Let t be (18/24 - 1)*k. Let s(i) = -i - 2. What is s(t)?
-7
Let p(s) = -295 - 3*s + 100 - 3*s**2 + 99 + 88. Calculate p(-7).
-134
Let a be ((-2)/2)/(3/(-30)) - 13. Let k(z) = z**3 - z + 3. Determine k(a).
-21
Suppose 20*m - 14*m - 90 = 0. Let x(d) = d - 36*d**2 - 1 + m*d**2 + 32*d**3 + 20*d**2. What is x(1)?
31
Let v(u) = -24 + u**3 + 18 + u + 5 + 15*u**2 + 15*u**2 + 20. What is v(-30)?
-11
Suppose 231 = 25*j + 31. Let w be 6 - 4 - j/(-4). Let p(r) =